{"id":76,"date":"2023-09-20T19:06:36","date_gmt":"2023-09-20T17:06:36","guid":{"rendered":"https:\/\/kchbc.beardedcollie.cz\/?page_id=76"},"modified":"2026-03-23T15:05:03","modified_gmt":"2026-03-23T14:05:03","slug":"vyuctovani-akci","status":"publish","type":"page","link":"https:\/\/kchbc.beardedcollie.cz\/?page_id=76","title":{"rendered":"Vy\u00fa\u010dtov\u00e1n\u00ed akc\u00ed"},"content":{"rendered":"\n<div class=\"wp-block-columns is-layout-flex wp-container-core-columns-is-layout-28f84493 wp-block-columns-is-layout-flex\">\n<div class=\"wp-block-column is-layout-flow wp-block-column-is-layout-flow\">\n<p><\/p>\n<\/div>\n\n\n\n<div class=\"wp-block-column is-layout-flow wp-block-column-is-layout-flow\">\n<h2 class=\"wp-block-heading\">Rok 2025<\/h2>\n\n\n\n<p><\/p>\n\n\n\n<ul class=\"wp-block-list\">\n<li><a href=\"https:\/\/kchbc.beardedcollie.cz\/wp-content\/uploads\/2026\/03\/pokladni_zprava_2025.pdf\" target=\"_blank\" rel=\"noreferrer noopener\">Pokladn\u00ed zpr\u00e1va za rok 2025<\/a><\/li>\n\n\n\n<li><a href=\"https:\/\/kchbc.beardedcollie.cz\/wp-content\/uploads\/2025\/11\/vyuctovani_MRagi_2025.pdf\" target=\"_blank\" rel=\"noreferrer noopener\">Mistrovstv\u00ed republiky v agility \u010cer\u010dany 9. 11. 2025<\/a><\/li>\n\n\n\n<li><a href=\"https:\/\/kchbc.beardedcollie.cz\/wp-content\/uploads\/2025\/11\/vyuctovani_MRRO_2025.pdf\" target=\"_blank\" rel=\"noreferrer noopener\">Mistrovstv\u00ed republiky v Rally obedience Duchcov 26. 10. 2025<\/a><\/li>\n\n\n\n<li><a href=\"https:\/\/kchbc.beardedcollie.cz\/wp-content\/uploads\/2025\/11\/vyuctovani_IIKV2025.pdf\" target=\"_blank\" rel=\"noreferrer noopener\">II. Klubov\u00e1 v\u00fdstava T\u00fdn nad Vltavou 5. 10. 2025<\/a><\/li>\n\n\n\n<li><a href=\"https:\/\/kchbc.beardedcollie.cz\/wp-content\/uploads\/2025\/09\/vyuctovani_paseni_2025.pdf\" target=\"_blank\" rel=\"noreferrer noopener\">Mistrovstv\u00ed republiky v pasen\u00ed Poho\u0159elice 6. 9. 2025<\/a><\/li>\n\n\n\n<li><a href=\"https:\/\/kchbc.beardedcollie.cz\/wp-content\/uploads\/2025\/06\/vyuctovani_WT2025.pdf\" target=\"_blank\" rel=\"noreferrer noopener\">Working testy L\u00e1ny 1. 6. 2025<\/a><\/li>\n\n\n\n<li><a href=\"https:\/\/kchbc.beardedcollie.cz\/wp-content\/uploads\/2025\/06\/vyuctovani_KV2025.pdf\" target=\"_blank\" rel=\"noreferrer noopener\">Klubov\u00e1 v\u00fdstava a klubov\u00e9 sout\u011b\u017ee Zbe\u010dno 31. 5. 2025<\/a><\/li>\n\n\n\n<li><a href=\"https:\/\/kchbc.beardedcollie.cz\/wp-content\/uploads\/2025\/04\/vyuctovani_SV2025.pdf\" data-type=\"attachment\" data-id=\"4280\" target=\"_blank\" rel=\"noreferrer noopener\">Speci\u00e1ln\u00ed v\u00fdstava P\u0159\u00edseka 12. 4. 2025<\/a><\/li>\n<\/ul>\n<\/div>\n<\/div>\n\n\n\n<div class=\"wp-block-columns is-layout-flex wp-container-core-columns-is-layout-28f84493 wp-block-columns-is-layout-flex\">\n<div class=\"wp-block-column is-layout-flow wp-block-column-is-layout-flow\">\n<h2 class=\"wp-block-heading\">Rok 2024<\/h2>\n\n\n\n<ul class=\"wp-block-list\">\n<li><a href=\"https:\/\/kchbc.beardedcollie.cz\/wp-content\/uploads\/2025\/08\/revizepokladny2024.pdf\" target=\"_blank\" rel=\"noreferrer noopener\">Z\u00e1pis z revize za rok 2024<\/a><\/li>\n\n\n\n<li><a href=\"https:\/\/kchbc.beardedcollie.cz\/wp-content\/uploads\/2025\/03\/pokladni_zprava_kchbc_2024.pdf\" target=\"_blank\" rel=\"noreferrer noopener\">Pokladn\u00ed zpr\u00e1va za rok 2024<\/a><\/li>\n\n\n\n<li><a href=\"https:\/\/kchbc.beardedcollie.cz\/wp-content\/uploads\/2024\/11\/vyuctovani_agility2024.pdf\" target=\"_blank\" rel=\"noreferrer noopener\">Mistrovstv\u00ed republiky v agility \u010cer\u010dany 16. 11. 2024<\/a><\/li>\n\n\n\n<li><a href=\"https:\/\/kchbc.beardedcollie.cz\/wp-content\/uploads\/2024\/09\/vyuctovani_MRpaseni2024.pdf\" data-type=\"attachment\" data-id=\"3603\" target=\"_blank\" rel=\"noreferrer noopener\">Mistrovstv\u00ed republiky v pasen\u00ed Libu\u0161\u00edn 21. 9. 2024<\/a><\/li>\n\n\n\n<li><a href=\"https:\/\/kchbc.beardedcollie.cz\/wp-content\/uploads\/2024\/09\/vyuctovani_IIKV2024.pdf\" data-type=\"attachment\" data-id=\"3604\" target=\"_blank\" rel=\"noreferrer noopener\">II. Klubov\u00e1 v\u00fdstava \u0160vihov 15. 9. 2024<\/a><\/li>\n\n\n\n<li><a href=\"https:\/\/kchbc.beardedcollie.cz\/wp-content\/uploads\/2024\/06\/vyuctovani_vikend2024.pdf\" data-type=\"attachment\" data-id=\"3450\" target=\"_blank\" rel=\"noreferrer noopener\">V\u00edkend s Bearded colli\u00ed Jihlava 15. &#8211; 16. 6. 2024<\/a><\/li>\n\n\n\n<li><a href=\"https:\/\/kchbc.beardedcollie.cz\/wp-content\/uploads\/2024\/06\/vyuctovani_KV2024.pdf\" data-type=\"attachment\" data-id=\"3392\" target=\"_blank\" rel=\"noreferrer noopener\">Klubov\u00e1 v\u00fdstava a klubov\u00e9 sout\u011b\u017ee Mlad\u00e1 Boleslav 26. 5. 2024<\/a><\/li>\n\n\n\n<li><a href=\"https:\/\/kchbc.beardedcollie.cz\/wp-content\/uploads\/2024\/06\/vyuctovani_seminarWT2024.pdf\" data-type=\"attachment\" data-id=\"3451\" target=\"_blank\" rel=\"noreferrer noopener\">Semin\u00e1\u0159 working test\u016f B\u0159ezin\u011bves 27. 4. 2024<\/a><\/li>\n<\/ul>\n\n\n\n<p><\/p>\n<\/div>\n\n\n\n<div class=\"wp-block-column is-layout-flow wp-block-column-is-layout-flow\">\n<h2 class=\"wp-block-heading\">Rok 2023<\/h2>\n\n\n\n<ul class=\"wp-block-list\">\n<li><a href=\"https:\/\/kchbc.beardedcollie.cz\/wp-content\/uploads\/2024\/02\/revizepokladny2023.pdf\" data-type=\"attachment\" data-id=\"2872\" target=\"_blank\" rel=\"noreferrer noopener\">Z\u00e1pis z revize za rok 2023<\/a><\/li>\n\n\n\n<li><a href=\"https:\/\/kchbc.beardedcollie.cz\/wp-content\/uploads\/2024\/01\/Pokladni-zprava-KCHBC-2023.pdf\" data-type=\"link\" data-id=\"https:\/\/kchbc.beardedcollie.cz\/wp-content\/uploads\/2024\/01\/Pokladni-zprava-KCHBC-2023.pdf\" target=\"_blank\" rel=\"noreferrer noopener\">Pokladn\u00ed zpr\u00e1va za rok 2023<\/a><\/li>\n\n\n\n<li><a href=\"https:\/\/kchbc.beardedcollie.cz\/wp-content\/uploads\/2023\/12\/vyuctovani_obedience2023.pdf\" data-type=\"link\" data-id=\"https:\/\/kchbc.beardedcollie.cz\/wp-content\/uploads\/2023\/12\/vyuctovani_obedience2023.pdf\" target=\"_blank\" rel=\"noreferrer noopener\">Semin\u00e1\u0159 Rally obedience 15. 10. 2023<\/a><\/li>\n\n\n\n<li><a href=\"https:\/\/kchbc.beardedcollie.cz\/wp-content\/uploads\/2023\/12\/vyuctovani_workingtesty2023.pdf\" data-type=\"link\" data-id=\"https:\/\/kchbc.beardedcollie.cz\/wp-content\/uploads\/2023\/12\/vyuctovani_workingtesty2023.pdf\" target=\"_blank\" rel=\"noreferrer noopener\">Working testy P\u0159estavlky 14. 10. 2023<\/a><\/li>\n\n\n\n<li><a href=\"https:\/\/kchbc.beardedcollie.cz\/wp-content\/uploads\/2023\/12\/vyuctovani_paseni2023.pdf\" data-type=\"link\" data-id=\"https:\/\/kchbc.beardedcollie.cz\/wp-content\/uploads\/2023\/12\/vyuctovani_paseni2023.pdf\" target=\"_blank\" rel=\"noreferrer noopener\">Mistrovstv\u00ed republiky v pasen\u00ed Dajavera 15. &#8211; 18. 9. 2023<\/a><\/li>\n\n\n\n<li><a href=\"https:\/\/kchbc.beardedcollie.cz\/wp-content\/uploads\/2023\/12\/vyuctovani_SV2023.pdf\" data-type=\"link\" data-id=\"https:\/\/kchbc.beardedcollie.cz\/wp-content\/uploads\/2023\/12\/vyuctovani_SV2023.pdf\" target=\"_blank\" rel=\"noreferrer noopener\">Speci\u00e1ln\u00ed v\u00fdstava Olomouc 10. 9. 2023<\/a><\/li>\n\n\n\n<li><a href=\"https:\/\/kchbc.beardedcollie.cz\/wp-content\/uploads\/2023\/12\/vyuctovani_agility2023.pdf\" data-type=\"link\" data-id=\"https:\/\/kchbc.beardedcollie.cz\/wp-content\/uploads\/2023\/12\/vyuctovani_agility2023.pdf\" target=\"_blank\" rel=\"noreferrer noopener\">Mistrovstv\u00ed republiky v agility B\u0159ezin\u011bves 27. 8. 2023<\/a><\/li>\n\n\n\n<li><a href=\"https:\/\/web20.beardedcollie.cz\/upload\/2023\/N%C3%A1klady%20II.%20Klubov%C3%A1%20v%C3%BDstava%20Nov%C3%A1%20%C5%BDivoho%C5%A1%C5%A5_14.05.2023.pdf\" data-type=\"link\" data-id=\"https:\/\/web20.beardedcollie.cz\/upload\/2023\/N%C3%A1klady%20II.%20Klubov%C3%A1%20v%C3%BDstava%20Nov%C3%A1%20%C5%BDivoho%C5%A1%C5%A5_14.05.2023.pdf\" target=\"_blank\" rel=\"noreferrer noopener\">II. Klubov\u00e1 v\u00fdstava Nov\u00e1 \u017divoho\u0161\u0165_14.05.2023&nbsp;<\/a><\/li>\n\n\n\n<li><a href=\"https:\/\/web20.beardedcollie.cz\/upload\/2023\/N%C3%A1klady%20%20Klubov%C3%A1%20v%C3%BDstava%20a%20klubov%C3%A9%20sout%C4%9B%C5%BEe%20Nov%C3%A1%20%C5%BDivoho%C5%A1%C5%A5_13.05.2023.pdf\" target=\"_blank\" rel=\"noreferrer noopener\">Klubov\u00e1 v\u00fdstava a klubov\u00e9 sout\u011b\u017ee Nov\u00e1 \u017divoho\u0161\u0165_13.05.2023&nbsp;<\/a><\/li>\n<\/ul>\n<\/div>\n<\/div>\n\n\n\n<div class=\"wp-block-columns is-layout-flex wp-container-core-columns-is-layout-28f84493 wp-block-columns-is-layout-flex\">\n<div class=\"wp-block-column is-layout-flow wp-block-column-is-layout-flow\">\n<h2 class=\"wp-block-heading\">Rok 2022<\/h2>\n\n\n\n<ul class=\"wp-block-list\">\n<li><a href=\"https:\/\/web20.beardedcollie.cz\/upload\/2023\/Z%C3%A1pis%20z%20revize%20za%20rok%202022.pdf\" target=\"_blank\" rel=\"noreferrer noopener\">Z\u00e1pis z revize za rok 2022&nbsp;<\/a><\/li>\n\n\n\n<li><a href=\"https:\/\/web20.beardedcollie.cz\/upload\/2023\/Pokladn%C3%AD%20zpr%C3%A1va%20KCHBC%202022.pdf\" target=\"_blank\" rel=\"noreferrer noopener\">Pokladn\u00ed zpr\u00e1va za rok 2022&nbsp;<\/a><\/li>\n\n\n\n<li><a href=\"https:\/\/web20.beardedcollie.cz\/upload\/2022\/N%C3%A1klady%20Speci%C3%A1ln%C3%AD%20v%C3%BDstava%20Velk%C3%A9%20Mezi%C5%99%C3%AD%C4%8D%C3%AD%2024.09.%202022.pdf\" target=\"_blank\" rel=\"noreferrer noopener\">Vy\u00fa\u010dtov\u00e1n\u00ed Speci\u00e1ln\u00ed v\u00fdstava Velk\u00e9 Mezi\u0159\u00ed\u010d\u00ed 24.09. 2022&nbsp;<\/a><\/li>\n\n\n\n<li><a href=\"https:\/\/web20.beardedcollie.cz\/upload\/2022\/N%C3%A1klady_Canisterapie%20semin%C3%A1%C5%99%2021.04.%202022.pdf\" target=\"_blank\" rel=\"noreferrer noopener\">Vy\u00fa\u010dtov\u00e1n\u00ed Canisterapie semin\u00e1\u0159 21.04. 2022&nbsp;<\/a><\/li>\n\n\n\n<li><a href=\"https:\/\/web20.beardedcollie.cz\/upload\/2022\/N%C3%A1klady_T%C3%A1bor%20Agility%20Fry%C5%A1ava%2024.-26.6.2022.pdf\" target=\"_blank\" rel=\"noreferrer noopener\">Vy\u00fa\u010dtov\u00e1n\u00ed T\u00e1bor Agility Fry\u0161ava 24.-26.6.2022&nbsp;<\/a><\/li>\n\n\n\n<li><a href=\"https:\/\/web20.beardedcollie.cz\/upload\/2022\/N%C3%A1klady_Mistrovstv%C3%AD%20pasen%C3%AD%20Mart%C3%ADnkovice%2010.-11.09.2022.pdf\" target=\"_blank\" rel=\"noreferrer noopener\">Vy\u00fa\u010dtov\u00e1n\u00ed Mistrovstv\u00ed pasen\u00ed Mart\u00ednkovice 10.-11.09.2022&nbsp;<\/a><\/li>\n\n\n\n<li><a href=\"https:\/\/web20.beardedcollie.cz\/upload\/2022\/N%C3%A1klady_Working%20testy%20Velk%C3%A9%20Mezi%C5%99%C3%AD%C4%8D%C3%AD%2025.09.2022.pdf\" target=\"_blank\" rel=\"noreferrer noopener\">Vy\u00fa\u010dtov\u00e1n\u00ed Working testy Velk\u00e9 Mezi\u0159\u00ed\u010d\u00ed 25.09.2022&nbsp;<\/a><\/li>\n\n\n\n<li><a href=\"https:\/\/web20.beardedcollie.cz\/upload\/2022\/N%C3%A1klady_Mistrovstv%C3%AD%20agility%20T%C5%99eb%C3%AD%C4%8D%2025.09.2022.pdf\" target=\"_blank\" rel=\"noreferrer noopener\">Vy\u00fa\u010dtov\u00e1n\u00ed Mistrovstv\u00ed agility T\u0159eb\u00ed\u010d 25.09.2022&nbsp;<\/a><\/li>\n\n\n\n<li><a href=\"https:\/\/web20.beardedcollie.cz\/upload\/2022\/N%C3%A1klady_Mistrovstv%C3%AD%20agility%20Kutn%C3%A1%20Hora%209.04.2022.pdf\" target=\"_blank\" rel=\"noreferrer noopener\">Vy\u00fa\u010dtov\u00e1n\u00ed Mistrovstv\u00ed agility Kutn\u00e1 Hora 9.04.2022&nbsp;<\/a><\/li>\n\n\n\n<li><a href=\"https:\/\/web20.beardedcollie.cz\/upload\/2022\/Z%C3%A1pis%20z%20revize%202021_podepsan%C3%BD.pdf\" target=\"_blank\" rel=\"noreferrer noopener\">Revize pokladny 2022&nbsp;<\/a><\/li>\n\n\n\n<li><a href=\"https:\/\/web20.beardedcollie.cz\/upload\/2022\/N%C3%A1klady%20II.%20Klubov%C3%A1%20v%C3%BDstava%20Deht%C3%A1%C5%99e_%202022.pdf\" target=\"_blank\" rel=\"noreferrer noopener\">Klubov\u00e1 v\u00fdstavu Deht\u00e1\u0159e&nbsp;<\/a><\/li>\n\n\n\n<li><a href=\"https:\/\/web20.beardedcollie.cz\/upload\/2022\/11.05.2022%20%20Klubov%C3%A1%20v%C3%BDstava%20Zbe%C4%8Dno.pdf\" target=\"_blank\" rel=\"noreferrer noopener\">Vy\u00fa\u010dtov\u00e1n\u00ed klubov\u00e9 v\u00fdstavy ve Zbe\u010dn\u011b&nbsp;<\/a><\/li>\n<\/ul>\n<\/div>\n\n\n\n<div class=\"wp-block-column is-layout-flow wp-block-column-is-layout-flow\">\n<h2 class=\"wp-block-heading\">Rok 2021<\/h2>\n\n\n\n<ul class=\"wp-block-list\">\n<li><a href=\"https:\/\/web20.beardedcollie.cz\/upload\/2021\/vyuctovani\/Pokladn%C3%AD%20zpr%C3%A1va%20KCHBC%202021.pdf\" target=\"_blank\" rel=\"noreferrer noopener\">Pokladn\u00ed zpr\u00e1va za rok 2021&nbsp;<\/a><\/li>\n\n\n\n<li><a href=\"https:\/\/web20.beardedcollie.cz\/upload\/2021\/vyuctovani\/30.09.2021%20%20SV%20p%C5%99i%20WDS_%20Brno.pdf\" target=\"_blank\" rel=\"noreferrer noopener\">30.09.2021 SV p\u0159i WDS Brno&nbsp;<\/a><\/li>\n\n\n\n<li><a href=\"https:\/\/web20.beardedcollie.cz\/upload\/2021\/vyuctovani\/24.07.2021%20%20II.%20Klubov%C3%A1%20v%C3%BDstava%20Deht%C3%A1%C5%99e.pdf\" target=\"_blank\" rel=\"noreferrer noopener\">24.07.2021 II. Klubov\u00e1 v\u00fdstava Deht\u00e1\u0159e&nbsp;<\/a><\/li>\n\n\n\n<li><a href=\"https:\/\/web20.beardedcollie.cz\/upload\/2021\/vyuctovani\/12.06.2021%20%20KV%20Mlad%C3%A1%20Boleslav.pdf\" target=\"_blank\" rel=\"noreferrer noopener\">12.06.2021 KV Mlad\u00e1 Boleslav&nbsp;<\/a><\/li>\n\n\n\n<li><a href=\"https:\/\/web20.beardedcollie.cz\/upload\/2021\/vyuctovani\/30.05.2021%20SV%20Ra%C4%8Dice%20.pdf\" target=\"_blank\" rel=\"noreferrer noopener\">30.05.2021 SV Ra\u010dice&nbsp;<\/a><\/li>\n<\/ul>\n<\/div>\n<\/div>\n","protected":false},"excerpt":{"rendered":"<p>Rok 2025 Rok 2024 Rok 2023 Rok 2022 Rok 2021<\/p>\n","protected":false},"author":2,"featured_media":0,"parent":409,"menu_order":0,"comment_status":"closed","ping_status":"closed","template":"","meta":{"_acf_changed":false,"site-sidebar-layout":"default","site-content-layout":"","ast-site-content-layout":"default","site-content-style":"default","site-sidebar-style":"default","ast-global-header-display":"","ast-banner-title-visibility":"","ast-main-header-display":"","ast-hfb-above-header-display":"","ast-hfb-below-header-display":"","ast-hfb-mobile-header-display":"","site-post-title":"","ast-breadcrumbs-content":"","ast-featured-img":"","footer-sml-layout":"","ast-disable-related-posts":"","theme-transparent-header-meta":"default","adv-header-id-meta":"","stick-header-meta":"","header-above-stick-meta":"","header-main-stick-meta":"","header-below-stick-meta":"","astra-migrate-meta-layouts":"set","ast-page-background-enabled":"default","ast-page-background-meta":{"desktop":{"background-color":"var(--ast-global-color-4)","background-image":"","background-repeat":"repeat","background-position":"center center","background-size":"auto","background-attachment":"scroll","background-type":"","background-media":"","overlay-type":"","overlay-color":"","overlay-opacity":"","overlay-gradient":""},"tablet":{"background-color":"","background-image":"","background-repeat":"repeat","background-position":"center center","background-size":"auto","background-attachment":"scroll","background-type":"","background-media":"","overlay-type":"","overlay-color":"","overlay-opacity":"","overlay-gradient":""},"mobile":{"background-color":"","background-image":"","background-repeat":"repeat","background-position":"center center","background-size":"auto","background-attachment":"scroll","background-type":"","background-media":"","overlay-type":"","overlay-color":"","overlay-opacity":"","overlay-gradient":""}},"ast-content-background-meta":{"desktop":{"background-color":"var(--ast-global-color-5)","background-image":"","background-repeat":"repeat","background-position":"center center","background-size":"auto","background-attachment":"scroll","background-type":"","background-media":"","overlay-type":"","overlay-color":"","overlay-opacity":"","overlay-gradient":""},"tablet":{"background-color":"var(--ast-global-color-5)","background-image":"","background-repeat":"repeat","background-position":"center center","background-size":"auto","background-attachment":"scroll","background-type":"","background-media":"","overlay-type":"","overlay-color":"","overlay-opacity":"","overlay-gradient":""},"mobile":{"background-color":"var(--ast-global-color-5)","background-image":"","background-repeat":"repeat","background-position":"center center","background-size":"auto","background-attachment":"scroll","background-type":"","background-media":"","overlay-type":"","overlay-color":"","overlay-opacity":"","overlay-gradient":""}},"footnotes":""},"class_list":["post-76","page","type-page","status-publish","hentry"],"acf":[],"featured_image_src":null,"_links":{"self":[{"href":"https:\/\/kchbc.beardedcollie.cz\/index.php?rest_route=\/wp\/v2\/pages\/76","targetHints":{"allow":["GET"]}}],"collection":[{"href":"https:\/\/kchbc.beardedcollie.cz\/index.php?rest_route=\/wp\/v2\/pages"}],"about":[{"href":"https:\/\/kchbc.beardedcollie.cz\/index.php?rest_route=\/wp\/v2\/types\/page"}],"author":[{"embeddable":true,"href":"https:\/\/kchbc.beardedcollie.cz\/index.php?rest_route=\/wp\/v2\/users\/2"}],"replies":[{"embeddable":true,"href":"https:\/\/kchbc.beardedcollie.cz\/index.php?rest_route=%2Fwp%2Fv2%2Fcomments&post=76"}],"version-history":[{"count":20,"href":"https:\/\/kchbc.beardedcollie.cz\/index.php?rest_route=\/wp\/v2\/pages\/76\/revisions"}],"predecessor-version":[{"id":5230,"href":"https:\/\/kchbc.beardedcollie.cz\/index.php?rest_route=\/wp\/v2\/pages\/76\/revisions\/5230"}],"up":[{"embeddable":true,"href":"https:\/\/kchbc.beardedcollie.cz\/index.php?rest_route=\/wp\/v2\/pages\/409"}],"wp:attachment":[{"href":"https:\/\/kchbc.beardedcollie.cz\/index.php?rest_route=%2Fwp%2Fv2%2Fmedia&parent=76"}],"curies":[{"name":"wp","href":"https:\/\/api.w.org\/{rel}","templated":true}]}}