{"id":52,"date":"2023-09-20T18:59:47","date_gmt":"2023-09-20T16:59:47","guid":{"rendered":"https:\/\/kchbc.beardedcollie.cz\/?page_id=52"},"modified":"2024-01-23T21:59:06","modified_gmt":"2024-01-23T20:59:06","slug":"vystavy-v-zahranici","status":"publish","type":"page","link":"https:\/\/kchbc.beardedcollie.cz\/?page_id=52","title":{"rendered":"V\u00fdstavy v zahrani\u010d\u00ed"},"content":{"rendered":"\n<table id=\"tablepress-3\" class=\"tablepress tablepress-id-3\">\n<thead>\n<tr class=\"row-1\">\n\t<th class=\"column-1\">Datum<\/th><th class=\"column-2\">Druh v\u00fdstavy<\/th><th class=\"column-3\">M\u00edsto kon\u00e1n\u00ed<\/th><th class=\"column-4\">St\u00e1t<\/th><th class=\"column-5\">Rozhod\u010d\u00ed<\/th><th class=\"column-6\">V\u00fdsledky<\/th>\n<\/tr>\n<\/thead>\n<tbody class=\"row-striping row-hover\">\n<tr class=\"row-2\">\n\t<td class=\"column-1\">25. 8. 2024<\/td><td class=\"column-2\">Mezin\u00e1rodn\u00ed<\/td><td class=\"column-3\">Rybnik<\/td><td class=\"column-4\">Polsko<\/td><td class=\"column-5\">Mariola Agata Semik\/PL<\/td><td class=\"column-6\"><a href=\"https:\/\/kchbc.beardedcollie.cz\/wp-content\/uploads\/2024\/09\/MVP_Rybnik_2024.pdf\" rel=\"noopener\" target=\"_blank\">V\u00ddSLEDKY<\/a><\/td>\n<\/tr>\n<tr class=\"row-3\">\n\t<td class=\"column-1\">24. 8. 2024<\/td><td class=\"column-2\">N\u00e1rodn\u00ed<\/td><td class=\"column-3\">Rybnik<\/td><td class=\"column-4\">Polsko<\/td><td class=\"column-5\">Robert Granecki\/PL<\/td><td class=\"column-6\"><a href=\"https:\/\/kchbc.beardedcollie.cz\/wp-content\/uploads\/2024\/09\/NVP_Rybnik_2024.pdf\" rel=\"noopener\" target=\"_blank\">V\u00ddSLEDKY<\/a><\/td>\n<\/tr>\n<tr class=\"row-4\">\n\t<td class=\"column-1\">7. 7. 2024<\/td><td class=\"column-2\">Mezin\u00e1rodn\u00ed<\/td><td class=\"column-3\">Wisla<\/td><td class=\"column-4\">Polsko<\/td><td class=\"column-5\">Ma\u0142gorzata Wieremiejczyk- Wierzchowska\/PL<\/td><td class=\"column-6\"><a href=\"https:\/\/kchbc.beardedcollie.cz\/wp-content\/uploads\/2024\/09\/MVP_Wisla_2024.pdf\" rel=\"noopener\" target=\"_blank\">V\u00ddSLEDKY<\/a><\/td>\n<\/tr>\n<tr class=\"row-5\">\n\t<td class=\"column-1\">18. 2. 2024<\/td><td class=\"column-2\">Mezin\u00e1rodn\u00ed<\/td><td class=\"column-3\">Nitra<\/td><td class=\"column-4\">Slovensko<\/td><td class=\"column-5\">Anna Klimonda Pulikowska\/PL<\/td><td class=\"column-6\"><a href=\"https:\/\/kchbc.beardedcollie.cz\/wp-content\/uploads\/2024\/02\/MVPNitra18-2-2024.pdf\" rel=\"noopener\" target=\"_blank\">V\u00ddSLEDKY<\/a><\/td>\n<\/tr>\n<tr class=\"row-6\">\n\t<td class=\"column-1\">17. 2. 2024<\/td><td class=\"column-2\">Mezin\u00e1rodn\u00ed<\/td><td class=\"column-3\">Nitra<\/td><td class=\"column-4\">Slovensko<\/td><td class=\"column-5\">Miodrag Vreteni\u010di\u0107\/ME<\/td><td class=\"column-6\"><a href=\"https:\/\/kchbc.beardedcollie.cz\/wp-content\/uploads\/2024\/02\/MVPNitra17-2-2024.pdf\" rel=\"noopener\" target=\"_blank\">V\u00ddSLEDKY<\/a><\/td>\n<\/tr>\n<tr class=\"row-7\">\n\t<td class=\"column-1\">16. 2. 2024<\/td><td class=\"column-2\">Mezin\u00e1rodn\u00ed<\/td><td class=\"column-3\">Nitra<\/td><td class=\"column-4\">Slovensko<\/td><td class=\"column-5\">Calin Margineanu\/RO<\/td><td class=\"column-6\"><a href=\"https:\/\/kchbc.beardedcollie.cz\/wp-content\/uploads\/2024\/02\/MVPNitra16-2-2024.pdf\" rel=\"noopener\" target=\"_blank\">V\u00ddSLEDKY<\/a><\/td>\n<\/tr>\n<tr class=\"row-8\">\n\t<td class=\"column-1\">21. 1. 2024<\/td><td class=\"column-2\">Mezin\u00e1rodn\u00ed<\/td><td class=\"column-3\">Bratislava<\/td><td class=\"column-4\">Slovensko<\/td><td class=\"column-5\">Olga Dolej\u0161ov\u00e1\/CZ<\/td><td class=\"column-6\"><a href=\"https:\/\/kchbc.beardedcollie.cz\/wp-content\/uploads\/2024\/01\/MVPBratislava21-1-2024-1.pdf\" rel=\"noopener\" target=\"_blank\">V\u00ddSLEDKY<\/a><\/td>\n<\/tr>\n<tr class=\"row-9\">\n\t<td class=\"column-1\">20. 1. 2024<\/td><td class=\"column-2\">Mezin\u00e1rodn\u00ed<\/td><td class=\"column-3\">Bratislava<\/td><td class=\"column-4\">Slovensko<\/td><td class=\"column-5\">P\u00e9ter Muzslai\/HU<\/td><td class=\"column-6\"><a href=\"https:\/\/kchbc.beardedcollie.cz\/wp-content\/uploads\/2024\/01\/MVPBratislava20-1-2024.pdf\" rel=\"noopener\" target=\"_blank\">V\u00ddSLEDKY<\/a><\/td>\n<\/tr>\n<tr class=\"row-10\">\n\t<td class=\"column-1\">19. 1. 2024<\/td><td class=\"column-2\">N\u00e1rodn\u00ed<\/td><td class=\"column-3\">Bratislava<\/td><td class=\"column-4\">Slovensko<\/td><td class=\"column-5\">Zde\u0148ka J\u00edlkov\u00e1\/CZ<\/td><td class=\"column-6\"><a href=\"https:\/\/kchbc.beardedcollie.cz\/wp-content\/uploads\/2024\/01\/NVPBratislava19-1-2024.pdf\" rel=\"noopener\" target=\"_blank\">V\u00ddSLEDKY<\/a><\/td>\n<\/tr>\n<\/tbody>\n<\/table>\n<!-- #tablepress-3 from cache -->\n\n\n<p class=\"has-text-align-center\"><\/p>\n\n\n\n<p class=\"has-text-align-left\">Zahrani\u010dn\u00ed v\u00fdstavy ps\u016f, kter\u00fdch se z\u00fa\u010dastnili \u010dleni KCHBC, mohou b\u00fdt zve\u0159ejn\u011bny v sekci V\u00fdstavy v zahrani\u010d\u00ed. Sta\u010d\u00ed v\u00fdsledky zapsat do formul\u00e1\u0159e pro zve\u0159ejn\u011bn\u00ed v\u00fdstavy a zaslat je na adresu webmastera.<\/p>\n\n\n\n<p class=\"has-text-align-left\">TABULKA PRO ZPRACOV\u00c1N\u00cd V\u00ddSLEDK\u016e V\u00ddSTAV \u2013&nbsp;<a href=\"https:\/\/kchbc.beardedcollie.cz\/wp-content\/uploads\/2023\/12\/sablona_vysledky_vystav.xls\" target=\"_blank\" rel=\"noreferrer noopener\">St\u00e1hnout .xcl<\/a><\/p>\n","protected":false},"excerpt":{"rendered":"<p>Zahrani\u010dn\u00ed v\u00fdstavy ps\u016f, kter\u00fdch se z\u00fa\u010dastnili \u010dleni KCHBC, mohou b\u00fdt zve\u0159ejn\u011bny v sekci V\u00fdstavy v zahrani\u010d\u00ed. Sta\u010d\u00ed v\u00fdsledky zapsat do formul\u00e1\u0159e pro zve\u0159ejn\u011bn\u00ed v\u00fdstavy a zaslat je na adresu webmastera. TABULKA PRO ZPRACOV\u00c1N\u00cd V\u00ddSLEDK\u016e V\u00ddSTAV \u2013&nbsp;St\u00e1hnout .xcl<\/p>\n","protected":false},"author":2,"featured_media":0,"parent":44,"menu_order":0,"comment_status":"closed","ping_status":"closed","template":"","meta":{"_acf_changed":false,"site-sidebar-layout":"default","site-content-layout":"","ast-site-content-layout":"default","site-content-style":"default","site-sidebar-style":"default","ast-global-header-display":"","ast-banner-title-visibility":"","ast-main-header-display":"","ast-hfb-above-header-display":"","ast-hfb-below-header-display":"","ast-hfb-mobile-header-display":"","site-post-title":"","ast-breadcrumbs-content":"","ast-featured-img":"","footer-sml-layout":"","ast-disable-related-posts":"","theme-transparent-header-meta":"default","adv-header-id-meta":"","stick-header-meta":"","header-above-stick-meta":"","header-main-stick-meta":"","header-below-stick-meta":"","astra-migrate-meta-layouts":"set","ast-page-background-enabled":"default","ast-page-background-meta":{"desktop":{"background-color":"var(--ast-global-color-4)","background-image":"","background-repeat":"repeat","background-position":"center center","background-size":"auto","background-attachment":"scroll","background-type":"","background-media":"","overlay-type":"","overlay-color":"","overlay-opacity":"","overlay-gradient":""},"tablet":{"background-color":"","background-image":"","background-repeat":"repeat","background-position":"center center","background-size":"auto","background-attachment":"scroll","background-type":"","background-media":"","overlay-type":"","overlay-color":"","overlay-opacity":"","overlay-gradient":""},"mobile":{"background-color":"","background-image":"","background-repeat":"repeat","background-position":"center center","background-size":"auto","background-attachment":"scroll","background-type":"","background-media":"","overlay-type":"","overlay-color":"","overlay-opacity":"","overlay-gradient":""}},"ast-content-background-meta":{"desktop":{"background-color":"var(--ast-global-color-5)","background-image":"","background-repeat":"repeat","background-position":"center center","background-size":"auto","background-attachment":"scroll","background-type":"","background-media":"","overlay-type":"","overlay-color":"","overlay-opacity":"","overlay-gradient":""},"tablet":{"background-color":"var(--ast-global-color-5)","background-image":"","background-repeat":"repeat","background-position":"center center","background-size":"auto","background-attachment":"scroll","background-type":"","background-media":"","overlay-type":"","overlay-color":"","overlay-opacity":"","overlay-gradient":""},"mobile":{"background-color":"var(--ast-global-color-5)","background-image":"","background-repeat":"repeat","background-position":"center center","background-size":"auto","background-attachment":"scroll","background-type":"","background-media":"","overlay-type":"","overlay-color":"","overlay-opacity":"","overlay-gradient":""}},"footnotes":""},"class_list":["post-52","page","type-page","status-publish","hentry"],"acf":[],"featured_image_src":null,"_links":{"self":[{"href":"https:\/\/kchbc.beardedcollie.cz\/index.php?rest_route=\/wp\/v2\/pages\/52","targetHints":{"allow":["GET"]}}],"collection":[{"href":"https:\/\/kchbc.beardedcollie.cz\/index.php?rest_route=\/wp\/v2\/pages"}],"about":[{"href":"https:\/\/kchbc.beardedcollie.cz\/index.php?rest_route=\/wp\/v2\/types\/page"}],"author":[{"embeddable":true,"href":"https:\/\/kchbc.beardedcollie.cz\/index.php?rest_route=\/wp\/v2\/users\/2"}],"replies":[{"embeddable":true,"href":"https:\/\/kchbc.beardedcollie.cz\/index.php?rest_route=%2Fwp%2Fv2%2Fcomments&post=52"}],"version-history":[{"count":5,"href":"https:\/\/kchbc.beardedcollie.cz\/index.php?rest_route=\/wp\/v2\/pages\/52\/revisions"}],"predecessor-version":[{"id":2775,"href":"https:\/\/kchbc.beardedcollie.cz\/index.php?rest_route=\/wp\/v2\/pages\/52\/revisions\/2775"}],"up":[{"embeddable":true,"href":"https:\/\/kchbc.beardedcollie.cz\/index.php?rest_route=\/wp\/v2\/pages\/44"}],"wp:attachment":[{"href":"https:\/\/kchbc.beardedcollie.cz\/index.php?rest_route=%2Fwp%2Fv2%2Fmedia&parent=52"}],"curies":[{"name":"wp","href":"https:\/\/api.w.org\/{rel}","templated":true}]}}