{"id":4977,"date":"2026-01-19T20:14:37","date_gmt":"2026-01-19T19:14:37","guid":{"rendered":"https:\/\/kchbc.beardedcollie.cz\/?page_id=4977"},"modified":"2026-03-30T13:30:28","modified_gmt":"2026-03-30T11:30:28","slug":"bcuni-clen","status":"publish","type":"page","link":"https:\/\/kchbc.beardedcollie.cz\/?page_id=4977","title":{"rendered":"Beardie univerzita"},"content":{"rendered":"\n<div class=\"wp-block-buttons is-layout-flex wp-block-buttons-is-layout-flex\">\n<div class=\"wp-block-button\"><a class=\"wp-block-button__link wp-element-button\" href=\"#oprojektu\">O projektu<\/a><\/div>\n\n\n\n<div class=\"wp-block-button\"><a class=\"wp-block-button__link wp-element-button\" href=\"#1seminar\">1. semin\u00e1\u0159<\/a><\/div>\n\n\n\n<div class=\"wp-block-button\"><a class=\"wp-block-button__link wp-element-button\" href=\"#vyucujici\">P\u0159edn\u00e1\u0161ej\u00edc\u00ed<\/a><\/div>\n<\/div>\n\n\n\n<figure class=\"wp-block-image aligncenter size-large\" id=\"oprojektu\"><img loading=\"lazy\" decoding=\"async\" width=\"1024\" height=\"576\" src=\"https:\/\/kchbc.beardedcollie.cz\/wp-content\/uploads\/2026\/01\/uvodbcuni-1024x576.png\" alt=\"\" class=\"wp-image-4994\" srcset=\"https:\/\/kchbc.beardedcollie.cz\/wp-content\/uploads\/2026\/01\/uvodbcuni-1024x576.png 1024w, https:\/\/kchbc.beardedcollie.cz\/wp-content\/uploads\/2026\/01\/uvodbcuni-300x169.png 300w, https:\/\/kchbc.beardedcollie.cz\/wp-content\/uploads\/2026\/01\/uvodbcuni-768x432.png 768w, https:\/\/kchbc.beardedcollie.cz\/wp-content\/uploads\/2026\/01\/uvodbcuni.png 1280w\" sizes=\"auto, (max-width: 1024px) 100vw, 1024px\" \/><\/figure>\n\n\n\n<div class=\"wp-block-columns is-layout-flex wp-container-core-columns-is-layout-28f84493 wp-block-columns-is-layout-flex\">\n<div class=\"wp-block-column is-layout-flow wp-block-column-is-layout-flow\">\n<p><strong>O projektu<\/strong><\/p>\n\n\n\n<p>Beardie univerzita vznikla z podn\u011btu \u010dlen\u016f klubu a ze spole\u010dn\u00e9ho p\u0159esv\u011bd\u010den\u00ed v\u00fdboru KCHBC, \u017ee vzd\u011bl\u00e1v\u00e1n\u00ed je tou nejlep\u0161\u00ed cestou, jak pe\u010dovat o budoucnost tohoto v\u00fdjime\u010dn\u00e9ho plemene. Chceme vytvo\u0159it prostor, kde se nov\u00ed majitel\u00e9 \u0161t\u011b\u0148at potkaj\u00ed se zku\u0161en\u00fdmi chovateli, kde si ka\u017ed\u00fd odnese n\u011bco nov\u00e9ho \u2013 a kde l\u00e1ska k bearded collie spojuje v\u0161echny dohromady.<\/p>\n\n\n\n<p>Nab\u00edz\u00edme prezen\u010dn\u00ed semin\u00e1\u0159e a praktick\u00e9 workshopy s vysoce respektovan\u00fdmi odborn\u00edky, kte\u0159\u00ed maj\u00ed s plemenem dlouholet\u00e9 zku\u0161enosti. V prvn\u00edm ro\u010dn\u00edku se postupn\u011b zam\u011b\u0159\u00edme na tato t\u00e9mata:<\/p>\n\n\n\n<ul class=\"wp-block-list\">\n<li><strong>Anatomie psa<\/strong>\u00a0\u2013 z\u00e1klad pro ka\u017ed\u00e9ho, kdo chce sv\u00e9mu psovi skute\u010dn\u011b rozum\u011bt<\/li>\n\n\n\n<li><strong>Standard bearded collie<\/strong>\u00a0\u2013 pohledem chovatele a rozhod\u010d\u00edho ze zem\u011b p\u016fvodu<\/li>\n\n\n\n<li><strong>Exteri\u00e9r bearded collie pohledem chovatele<\/strong>\u00a0\u2013 s chovatelkou, kter\u00e1 se v\u011bnovala beardies p\u0159es 30 let a plemeni bobtail dokonce 50 let<\/li>\n\n\n\n<li><strong>Workshop: p\u00e9\u010de o srst<\/strong>\u00a0\u2013 b\u011b\u017en\u00e1 p\u00e9\u010de i p\u0159\u00edprava v\u00fdstavn\u00edho jedince<\/li>\n\n\n\n<li><strong>Workshop: p\u0159\u00edprava psa na v\u00fdstavu a vystavov\u00e1n\u00ed<\/strong><\/li>\n\n\n\n<li><strong>Genetika a nej\u010dast\u011bj\u0161\u00ed zdravotn\u00ed probl\u00e9my plemene<\/strong><\/li>\n<\/ul>\n\n\n\n<p>T\u00e9mata jako anatomie, porozum\u011bn\u00ed standardu, genetika nebo p\u0159\u00edprava psa na v\u00fdstavu nejsou jen pro p\u0159\u00edznivce beardies \u2013 jsou zaj\u00edmav\u00e1 pro ka\u017ed\u00e9ho, komu z\u00e1le\u017e\u00ed na tom, aby sv\u00e9mu psovi rozum\u011bl a byl mu t\u00edm nejlep\u0161\u00edm par\u0165\u00e1kem. Chovatele a majitele v\u0161ech plemen proto v\u00edt\u00e1me stejn\u011b srde\u010dn\u011b.<\/p>\n\n\n\n<p>Za ka\u017ed\u00fd absolvovan\u00fd semin\u00e1\u0159 \u010di workshop obdr\u017e\u00ed \u00fa\u010dastn\u00edk certifik\u00e1t. Prvn\u00ed ro\u010dn\u00edk Beardie univerzity prob\u00edh\u00e1 pr\u016fb\u011b\u017en\u011b v letech 2026\u20132027 a \u00fa\u010dastn\u00edci s vysokou \u00fa\u010dast\u00ed na semin\u00e1\u0159\u00edch obdr\u017e\u00ed na z\u00e1v\u011br souhrnn\u00fd certifik\u00e1t absolventa prvn\u00edho ro\u010dn\u00edku.<\/p>\n<\/div>\n\n\n\n<div class=\"wp-block-column has-background is-layout-flow wp-block-column-is-layout-flow\" style=\"background:linear-gradient(86deg,rgb(238,238,238) 0%,rgb(169,184,195) 100%)\">\n<p><strong>About Beardie University<\/strong><\/p>\n\n\n\n\n\n<p>Beardie University was founded at the initiative of club members and through the shared conviction of the club\u2019s committee that education is the best way to care for the future of this exceptional breed. We want to create a space where new puppy owners meet experienced breeders, where everyone takes something new away \u2013 and where the love of the bearded collie brings everyone together.<\/p>\n\n\n\n<p>We offer in-person seminars and hands-on workshops led by highly respected experts with many years of experience with the breed. During the first year, we will gradually focus on the following topics:<\/p>\n\n\n\n<ul class=\"wp-block-list\">\n<li><strong>Canine anatomy<\/strong>\u00a0\u2013 a foundation for everyone who wants to truly understand their dog<\/li>\n\n\n\n<li><strong>The bearded collie standard<\/strong>\u00a0\u2013 through the eyes of a breeder and judge from the breed&#8217;s country of origin<\/li>\n\n\n\n<li><strong>Bearded collie conformation from a breeder&#8217;s perspective<\/strong>\u00a0\u2013 with a breeder who dedicated over 30 years to beardies and an impressive 50 years to the bobtail breed<\/li>\n\n\n\n<li><strong>Workshop: coat care<\/strong>\u00a0\u2013 everyday maintenance as well as preparing a show dog<\/li>\n\n\n\n<li><strong>Workshop: show preparation and exhibiting<\/strong><\/li>\n\n\n\n<li><strong>Genetics and the most common health issues in the breed<\/strong><\/li>\n<\/ul>\n\n\n\n<p>Topics such as anatomy, understanding the standard, genetics or show preparation are not exclusively for beardie enthusiasts \u2013 they are valuable for anyone who wants to truly understand their dog and be the best possible companion to them. Breeders and owners of all breeds are equally welcome.<\/p>\n\n\n\n<p>Every participant will receive a certificate upon completing each seminar or workshop. The first year of Beardie University runs throughout 2026\u20132027, and participants with a high attendance record will receive a comprehensive graduate certificate at the conclusion of the first year.<\/p>\n<\/div>\n<\/div>\n\n\n\n<figure class=\"wp-block-image aligncenter size-large\"><img loading=\"lazy\" decoding=\"async\" width=\"1024\" height=\"576\" src=\"https:\/\/kchbc.beardedcollie.cz\/wp-content\/uploads\/2026\/01\/temataprednasek-1024x576.png\" alt=\"\" class=\"wp-image-4995\" srcset=\"https:\/\/kchbc.beardedcollie.cz\/wp-content\/uploads\/2026\/01\/temataprednasek-1024x576.png 1024w, https:\/\/kchbc.beardedcollie.cz\/wp-content\/uploads\/2026\/01\/temataprednasek-300x169.png 300w, https:\/\/kchbc.beardedcollie.cz\/wp-content\/uploads\/2026\/01\/temataprednasek-768x432.png 768w, https:\/\/kchbc.beardedcollie.cz\/wp-content\/uploads\/2026\/01\/temataprednasek.png 1280w\" sizes=\"auto, (max-width: 1024px) 100vw, 1024px\" \/><\/figure>\n\n\n<div class=\"wp-block-ub-divider ub_divider ub-divider-orientation-horizontal\" id=\"ub_divider_91325988-dd4a-4bfd-803a-36a588ea9c41\"><div class=\"ub_divider_wrapper\" style=\"position: relative; margin-bottom: 2px; width: 100%; height: 2px; \" data-divider-alignment=\"center\"><div class=\"ub_divider_line\" style=\"border-top: 2px solid #ccc; margin-top: 2px; \"><\/div><\/div><\/div>\n\n\n<h2 class=\"wp-block-heading has-text-align-center\" id=\"1seminar\">Beardie univerzita &#8211; 1. semin\u00e1\u0159<\/h2>\n\n\n\n<div class=\"wp-block-columns is-layout-flex wp-container-core-columns-is-layout-28f84493 wp-block-columns-is-layout-flex\">\n<div class=\"wp-block-column is-layout-flow wp-block-column-is-layout-flow\">\n<figure class=\"wp-block-image size-large\"><img loading=\"lazy\" decoding=\"async\" width=\"819\" height=\"1024\" src=\"https:\/\/kchbc.beardedcollie.cz\/wp-content\/uploads\/2026\/01\/FBpost1seminarupoutavkanaweb-819x1024.jpg\" alt=\"\" class=\"wp-image-4997\" srcset=\"https:\/\/kchbc.beardedcollie.cz\/wp-content\/uploads\/2026\/01\/FBpost1seminarupoutavkanaweb-819x1024.jpg 819w, https:\/\/kchbc.beardedcollie.cz\/wp-content\/uploads\/2026\/01\/FBpost1seminarupoutavkanaweb-240x300.jpg 240w, https:\/\/kchbc.beardedcollie.cz\/wp-content\/uploads\/2026\/01\/FBpost1seminarupoutavkanaweb-768x960.jpg 768w, https:\/\/kchbc.beardedcollie.cz\/wp-content\/uploads\/2026\/01\/FBpost1seminarupoutavkanaweb.jpg 1080w\" sizes=\"auto, (max-width: 819px) 100vw, 819px\" \/><\/figure>\n\n\n\n<p><strong>Podrobnosti:<\/strong><\/p>\n\n\n\n<ul class=\"wp-block-list\">\n<li>cena 1. semin\u00e1\u0159e zahrnuje ob\u010derstven\u00ed po celou dobu akce<\/li>\n\n\n\n<li>\u00fa\u010dastn\u00edci akce obdr\u017e\u00ed certifik\u00e1t o absolvov\u00e1n\u00ed semin\u00e1\u0159\u016f<\/li>\n\n\n\n<li>p\u0159eklad semin\u00e1\u0159e zaji\u0161t\u011bn<\/li>\n\n\n\n<li>p\u0159ihl\u00e1\u0161ka bude p\u0159ijata a\u017e po zaplacen\u00ed poplatku<\/li>\n\n\n\n<li>omezen\u00e1 kapacita prostor<\/li>\n<\/ul>\n\n\n\n<details class=\"wp-block-details is-layout-flow wp-block-details-is-layout-flow\"><summary>Garant akce:<br>Mgr. Lenka Folget Kl\u00edmov\u00e1<\/summary>\n<p>e-mail: kiaora@kiaora.cz<br>mobil: +420 777 121 652<\/p>\n<\/details>\n<\/div>\n\n\n\n<div class=\"wp-block-column is-layout-flow wp-block-column-is-layout-flow\">\n<p class=\"has-text-align-center\"><strong>ned\u011ble 12. dubna 2026<br>Chr\u017e\u00edn (okr. Kladno), <a href=\"https:\/\/chrzin1.wixsite.com\/starafara\/home\" target=\"_blank\" rel=\"noreferrer noopener\">Star\u00e1 fara<\/a><\/strong><\/p>\n\n\n\n<p class=\"has-text-align-center\"><strong>uz\u00e1v\u011brka p\u0159ihl\u00e1\u0161ek: <mark style=\"background-color:#ff6900;color:#ffffff\" class=\"has-inline-color\">p\u0159ihl\u00e1\u0161en\u00ed mo\u017en\u00e9 a\u017e do napln\u011bn\u00ed kapacity<\/mark><\/strong><\/p>\n\n\n\n<p class=\"has-text-align-center\"><mark style=\"background-color:#fcb900\" class=\"has-inline-color\"><strong>Cena: 800 K\u010d <\/strong>&#8211;<strong> <\/strong>\u010dlen klubu<strong>, 1600 K\u010d <\/strong>&#8211; ne\u010dlen klubu<\/mark><\/p>\n\n\n\n<h1 class=\"wp-block-heading has-text-align-center\"><a href=\"https:\/\/forms.gle\/QjNqcQE72aXxVygdA\" target=\"_blank\" rel=\"noreferrer noopener\">P\u0158IHL\u00c1\u0160KA<\/a><\/h1>\n\n\n<div class=\"wp-block-ub-divider ub_divider ub-divider-orientation-horizontal\" id=\"ub_divider_97619869-a780-446c-81b5-2a044ad4869e\"><div class=\"ub_divider_wrapper\" style=\"position: relative; margin-bottom: 2px; width: 100%; height: 2px; \" data-divider-alignment=\"center\"><div class=\"ub_divider_line\" style=\"border-top: 2px solid #ccc; margin-top: 2px; \"><\/div><\/div><\/div>\n\n\n<p><strong>Program akce:<\/strong><\/p>\n\n\n\n<ul class=\"wp-block-list\">\n<li>zah\u00e1jen\u00ed akce:<strong> 9.30 hodin<\/strong><\/li>\n\n\n\n<li>1. p\u0159edn\u00e1\u0161ka:<br><mark style=\"background-color:rgba(0, 0, 0, 0)\" class=\"has-inline-color has-ast-global-color-1-color\"><strong>Gabriela van Ruiten-Hajnov\u00e1 (CZ)<br>Anatomie psa<\/strong><\/mark><\/li>\n\n\n\n<li>2. p\u0159edn\u00e1\u0161ka<br><mark style=\"background-color:rgba(0, 0, 0, 0)\" class=\"has-inline-color has-ast-global-color-1-color\"><strong>David Hyde (GB), chov. st. Natterjack<br>Standard bearded collie<\/strong><\/mark><\/li>\n\n\n\n<li>mezi p\u0159edn\u00e1\u0161kami bude p\u0159est\u00e1vka na ob\u011bd:<br>pol\u00e9vka, hlavn\u00ed j\u00eddlo dle v\u00fdb\u011bru v p\u0159ihl\u00e1\u0161ce, n\u00e1poj<\/li>\n\n\n\n<li>v pr\u016fb\u011bhu p\u0159edn\u00e1\u0161ek budou dv\u011b men\u0161\u00ed p\u0159est\u00e1vky:<br>dom\u00e1c\u00ed kol\u00e1\u010d, k\u00e1va \u010di \u010daj<\/li>\n<\/ul>\n\n\n<div class=\"wp-block-ub-divider ub_divider ub-divider-orientation-horizontal\" id=\"ub_divider_55d357e5-7492-4535-9d25-983ef4f6ee5c\"><div class=\"ub_divider_wrapper\" style=\"position: relative; margin-bottom: 2px; width: 100%; height: 2px; \" data-divider-alignment=\"center\"><div class=\"ub_divider_line\" style=\"border-top: 2px solid #ccc; margin-top: 2px; \"><\/div><\/div><\/div>\n\n\n<iframe loading=\"lazy\" style=\"border:none\" src=\"https:\/\/mapy.com\/s\/luserozono\" width=\"400\" height=\"280\" frameborder=\"0\"><\/iframe>\n<\/div>\n<\/div>\n\n\n\n<h2 class=\"wp-block-heading has-text-align-center\" id=\"vyucujici\">P\u0159edn\u00e1\u0161ej\u00edc\u00ed<\/h2>\n\n\n\n<div class=\"wp-block-columns is-layout-flex wp-container-core-columns-is-layout-28f84493 wp-block-columns-is-layout-flex\">\n<div class=\"wp-block-column is-layout-flow wp-block-column-is-layout-flow\"><div class=\"gb-container gb-container-e1bbbbe0\">\n\n<div class=\"wp-block-media-text is-stacked-on-mobile is-vertically-aligned-top\"><figure class=\"wp-block-media-text__media\"><img loading=\"lazy\" decoding=\"async\" width=\"683\" height=\"1024\" src=\"https:\/\/kchbc.beardedcollie.cz\/wp-content\/uploads\/2026\/01\/GvRH_judge-683x1024.jpeg\" alt=\"\" class=\"wp-image-5006 size-full\" srcset=\"https:\/\/kchbc.beardedcollie.cz\/wp-content\/uploads\/2026\/01\/GvRH_judge-683x1024.jpeg 683w, https:\/\/kchbc.beardedcollie.cz\/wp-content\/uploads\/2026\/01\/GvRH_judge-200x300.jpeg 200w, https:\/\/kchbc.beardedcollie.cz\/wp-content\/uploads\/2026\/01\/GvRH_judge-768x1151.jpeg 768w, https:\/\/kchbc.beardedcollie.cz\/wp-content\/uploads\/2026\/01\/GvRH_judge.jpeg 854w\" sizes=\"auto, (max-width: 683px) 100vw, 683px\" \/><\/figure><div class=\"wp-block-media-text__content\">\n<p>O zv\u00ed\u0159ata, psy p\u0159edev\u0161\u00edm, jsem projevovala z\u00e1jem ji\u017e od nej\u00fatlej\u0161\u00edho d\u011btstv\u00ed. Svolen\u00ed m\u00edt sv\u00e9ho vlastn\u00edho psa jsem v\u0161ak od rodi\u010d\u016f dostala a\u017e ve dvan\u00e1cti letech \u2013 po \u010dty\u0159i roky m\u011b prov\u00e1zel nezapomenuteln\u00fd slovensk\u00fd \u010duva\u010d Rex, kter\u00e9mu tak\u00e9 vd\u011b\u010d\u00edm za n\u00e1zev sv\u00e9 chovatelsk\u00e9 stanice \u2013 Garex. Od t\u00e9 chv\u00edle jsem se kynologii v\u011bnovala s\u202fve\u0161kerou serioznost\u00ed, kter\u00e1 je mi vlastn\u00ed. Skute\u010dn\u00fd za\u010d\u00e1tek m\u00e9 cesty v\u0161ak p\u0159i\u0161el a\u017e v roce 1981 s\u202fm\u00fdm prvn\u00edm psem s\u202fpr\u016fkazem p\u016fvodu \u2013 briardem.<\/p>\n\n\n\n<p>V roce 1990 jsem si nechala zaregistrovat n\u00e1zev chovatelsk\u00e9 stanice Garex, p\u016fvodn\u011b zam\u011b\u0159en\u00e9 hlavn\u011b na chov briard\u016f a skotsk\u00fdch teri\u00e9r\u016f; vlastnila jsem i flandersk\u00e9ho bouviera. Od poloviny devades\u00e1t\u00fdch let je v\u0161ak st\u0159edem m\u00e9ho z\u00e1jmu na\u0161e n\u00e1rodn\u00ed teri\u00e9rsk\u00e9 plemeno \u2013 \u010desk\u00fd teri\u00e9r. I kdy\u017e jsem se vzhledem k\u202fm\u00e9mu n\u00e1ro\u010dn\u00e9mu povol\u00e1n\u00ed l\u00e9ka\u0159ky nemohla v\u011bnovat chovatelsk\u00fdm aktivit\u00e1m tak intenzivn\u011b, jak bych si p\u0159\u00e1la, poda\u0159ilo se mi v\u202fuplynul\u00fdch t\u0159iceti letech odchovat n\u011bkolik kvalitn\u00edch vrh\u016f \u2013 kvalitn\u00edch co do exteri\u00e9ru, ale v\u202fnemal\u00e9 m\u00ed\u0159e tak\u00e9 povahy a pracovn\u00edch vloh. Jako vystavovatelka jsem aktivn\u00ed v\u00edce ne\u017e \u010dty\u0159icet let a za tu dobu jsem s\u202fm\u00fdmi psy z\u00edskala \u0159adu titul\u016f i z\u202ft\u011bch nejpresti\u017en\u011bj\u0161\u00edch v\u00fdstav.<\/p>\n\n\n\n<p>Mimo v\u00fdstavn\u00ed kruh byla v\u011bt\u0161ina m\u00fdch ps\u016f ve slu\u017eebn\u00edm v\u00fdcviku, tr\u00e9ninku poslu\u0161nosti, agility nebo loveck\u00e9 pr\u00e1ce. V\u017edy jsem kladla d\u016fraz na zachov\u00e1n\u00ed funk\u010dn\u00ed anatomie a pracovn\u00edch schopnost\u00ed na\u0161ich ps\u016f.<\/p>\n\n\n\n<p>Dlouh\u00e1 l\u00e9ta jsem profesn\u011b p\u016fsobila v\u202fNizozemsku, kde jsem tak\u00e9 absolvovala v\u00fduku rozhod\u010d\u00edho exteri\u00e9ru a v\u202froce 2005 z\u00edskala svou registraci. Postupn\u011b jsem si roz\u0161\u00ed\u0159ila aprobaci na celou FCI III. skupinu; ve Velk\u00e9 Brit\u00e1nii mi Kennel Club ud\u011blil status A1 specialistky pro \u010desk\u00e9 teri\u00e9ry se svolen\u00edm zad\u00e1vat \u010dekatelstv\u00ed \u0161ampiona. Jako chovatelka i rozhod\u010d\u00ed si cen\u00edm ps\u016f, kte\u0159\u00ed jsou skute\u010dn\u011b vyrovnan\u00ed \u2013 siln\u00ed jak t\u011blem, tak duchem.<\/p>\n\n\n\n<p>V\u202fKlubu chovatel\u016f \u010desk\u00e9ho teri\u00e9ra jsem byla \u0159adu let \u010dlenkou chovatelsk\u00e9 komise. Na \u017e\u00e1dost klubu a \u010ceskomoravsk\u00e9 kynologick\u00e9 unie jsem napsala v\u00fdklad standardu \u010desk\u00e9ho teri\u00e9ra, kter\u00fd je vyu\u017e\u00edv\u00e1n pro vzd\u011bl\u00e1v\u00e1n\u00ed rozhod\u010d\u00edch; sama tak\u00e9 na semin\u00e1\u0159\u00edch p\u0159edn\u00e1\u0161\u00edm doma i v\u202fzahrani\u010d\u00ed.<\/p>\n\n\n\n<p>Spolu s\u202fman\u017eelem, rodil\u00fdm Holan\u010fanem, \u017eijeme s\u202fna\u0161imi teri\u00e9ry (\u010desk\u00fdmi a airedale teri\u00e9ry) na statku v\u202fz\u00e1padn\u00edch \u010cech\u00e1ch, kde se v\u011bnuji i sv\u00fdm dal\u0161\u00edm kon\u00ed\u010dk\u016fm: kon\u00edm a zahradni\u010den\u00ed.<\/p>\n\n\n\n<p class=\"has-text-align-right\">MUDr. Gabriela van Ruiten-Hajnov\u00e1<\/p>\n<\/div><\/div>\n\n<\/div><\/div>\n\n\n\n<div class=\"wp-block-column is-layout-flow wp-block-column-is-layout-flow\"><div class=\"gb-container gb-container-d839927e\">\n\n<div class=\"wp-block-media-text is-stacked-on-mobile is-vertically-aligned-top\"><figure class=\"wp-block-media-text__media\"><img loading=\"lazy\" decoding=\"async\" width=\"423\" height=\"635\" src=\"https:\/\/kchbc.beardedcollie.cz\/wp-content\/uploads\/2026\/01\/DH_judge.jpeg\" alt=\"\" class=\"wp-image-5007 size-full\" srcset=\"https:\/\/kchbc.beardedcollie.cz\/wp-content\/uploads\/2026\/01\/DH_judge.jpeg 423w, https:\/\/kchbc.beardedcollie.cz\/wp-content\/uploads\/2026\/01\/DH_judge-200x300.jpeg 200w\" sizes=\"auto, (max-width: 423px) 100vw, 423px\" \/><\/figure><div class=\"wp-block-media-text__content\">\n<p>I have owned Beardies since 1981 and have the Natterjack kennel.<\/p>\n\n\n\n<p>I am a full member of The Royal Kennel Club and enjoy regular trips to the KC for the exhibitions and lunches.<\/p>\n\n\n\n<p>I have judged the breed extensively over the years and have judged 13 times overseas, three times in the Czech Republic, twice in Sweden and Norway, Germany, Belgium, Luxembourg, Finland, along with the Canadian Specialty in 2010 and the Bearded Collie Club of America Specialty in 2016.<\/p>\n\n\n\n<p>&nbsp;I have awarded tickets in the UK since 1992 and to date have awarded tickets 12 times.<\/p>\n\n\n\n<p>I am immensely proud to have produced four champion books on the breed, which have proved very popular, and the first two editions are sold out.<\/p>\n\n\n\n<p>Being a small kennel, I only breed occasionally and have produced several Champions in the UK and abroad.<\/p>\n\n\n\n<p>I own one of the UK\u2019s youngest ever Champion bitches who was made up at the tender age of 15 months, having won two tickets from puppy, she has gone on to produce the top up and coming bitch 2014 and the top up and coming dog of 2016.<\/p>\n\n\n\n<p>I spent several years on the committee of the SCBCC and take a keen interest in the health issues within the breed, considering them carefully before breeding or allowing dogs to be used at stud.<\/p>\n\n\n\n<p>I take a keen interest in movement and conformation in the dog and am always keen to talk about this.<\/p>\n\n\n\n<p>Information on my books and lots of old photos\/videos can be found on&nbsp;<a href=\"http:\/\/www.beardedpublications.co.uk\/\" target=\"_blank\" rel=\"noreferrer noopener\">www.beardedpublications.co.uk<\/a><\/p>\n\n\n\n<p class=\"has-text-align-right\">David Hyde<\/p>\n\n\n\n<details class=\"wp-block-details is-layout-flow wp-block-details-is-layout-flow\"><summary>P\u0159eklad \u010cJ<\/summary>\n<p>Bearded collie chov\u00e1m od roku 1981 a vlastn\u00edm chovatelskou stanici Natterjack.<\/p>\n\n\n\n<p>Jsem \u0159\u00e1dn\u00fdm \u010dlenem Royal Kennel Club, co\u017e mi umo\u017e\u0148uje pravideln\u011b se \u00fa\u010dastnit exkluzivn\u00edch akc\u00ed p\u0159\u00edmo v s\u00eddle klubu \u2013 v\u00fdstav i spole\u010densk\u00fdch ob\u011bd\u016f, kter\u00e9 jsou vyhrazeny pouze \u010dlen\u016fm.<\/p>\n\n\n\n<p>V pr\u016fb\u011bhu let jsem \u010dasto posuzoval toto plemeno a 13kr\u00e1t jsem posuzoval v zahrani\u010d\u00ed, t\u0159ikr\u00e1t v \u010cesk\u00e9 republice, dvakr\u00e1t ve \u0160v\u00e9dsku a Norsku, N\u011bmecku, Belgii, Lucembursku, Finsku. Tak\u00e9 Speci\u00e1ln\u00ed v\u00fdstavu v Kanad\u011b v roce 2010 a Speci\u00e1ln\u00ed v\u00fdstavu ve Spojen\u00fdch st\u00e1tech americk\u00fdch  v roce 2016.<\/p>\n\n\n\n<p>Od roku 1992 m\u00e1m opr\u00e1vn\u011bn\u00ed ud\u011blovat certifik\u00e1ty \u0161ampiona ve Velk\u00e9 Brit\u00e1nii a dosud jsem je ud\u011bloval dvan\u00e1ctkr\u00e1t.<\/p>\n\n\n\n<p>Jsem nesm\u00edrn\u011b hrd\u00fd na to, \u017ee jsem vydal \u010dty\u0159i knihy o tomto plemeni, kter\u00e9 se t\u011b\u0161\u00ed velk\u00e9 oblib\u011b a prvn\u00ed dv\u011b vyd\u00e1n\u00ed jsou ji\u017e vyprod\u00e1na.<\/p>\n\n\n\n<p>Jeliko\u017e m\u00e1m malou chovatelskou stanici, chov\u00e1m pouze p\u0159\u00edle\u017eitostn\u011b a odchoval jsem n\u011bkolik \u0161ampion\u016f ve Velk\u00e9 Brit\u00e1nii i v zahrani\u010d\u00ed.<\/p>\n\n\n\n<p>Vlastn\u00edm jednu z nejmlad\u0161\u00edch \u0161ampionek ve Velk\u00e9 Brit\u00e1nii, kter\u00e1 titul dokon\u010dila ve v\u011bku pouh\u00fdch 15 m\u011bs\u00edc\u016f. Z\u00edskala dva certifik\u00e1ty je\u0161t\u011b ve \u0161t\u011b\u0148atech a je matkou Nejlep\u0161\u00ed feny roku 2014 a Nejlep\u0161\u00edho psa roku 2016.<\/p>\n\n\n\n<p>N\u011bkolik let jsem byl \u010dlenem v\u00fdboru SCBCC a velmi se zaj\u00edm\u00e1m o zdravotn\u00ed probl\u00e9my v r\u00e1mci plemene. Ty beru pe\u010dliv\u011b v \u00favahu p\u0159ed vrhem nebo p\u0159ed t\u00edm, ne\u017e dovol\u00edm sv\u00fdm psem nakr\u00fdt.<\/p>\n\n\n\n<p>Velmi m\u011b zaj\u00edm\u00e1 pohyb a stavba t\u011bla ps\u016f a v\u017edy o tom r\u00e1d mluv\u00edm.<\/p>\n\n\n\n<p>Informace o m\u00fdch knih\u00e1ch a spoustu star\u00fdch fotek\/vide\u00ed najdete na www.beardedpublications.co.uk.<\/p>\n<\/details>\n<\/div><\/div>\n\n<\/div><\/div>\n<\/div>\n\n\n\n<div class=\"wp-block-columns is-layout-flex wp-container-core-columns-is-layout-28f84493 wp-block-columns-is-layout-flex\">\n<div class=\"wp-block-column is-layout-flow wp-block-column-is-layout-flow\"><\/div>\n\n\n\n<div class=\"wp-block-column is-layout-flow wp-block-column-is-layout-flow\"><\/div>\n<\/div>\n","protected":false},"excerpt":{"rendered":"<p>O projektu Beardie univerzita vznikla z podn\u011btu \u010dlen\u016f klubu a ze spole\u010dn\u00e9ho p\u0159esv\u011bd\u010den\u00ed v\u00fdboru KCHBC, \u017ee vzd\u011bl\u00e1v\u00e1n\u00ed je tou nejlep\u0161\u00ed cestou, jak pe\u010dovat o budoucnost tohoto v\u00fdjime\u010dn\u00e9ho plemene. Chceme vytvo\u0159it prostor, kde se nov\u00ed majitel\u00e9 \u0161t\u011b\u0148at potkaj\u00ed se zku\u0161en\u00fdmi chovateli, kde si ka\u017ed\u00fd odnese n\u011bco nov\u00e9ho \u2013 a kde l\u00e1ska k bearded collie spojuje v\u0161echny [&hellip;]<\/p>\n","protected":false},"author":2,"featured_media":0,"parent":0,"menu_order":0,"comment_status":"closed","ping_status":"closed","template":"","meta":{"_acf_changed":false,"site-sidebar-layout":"default","site-content-layout":"","ast-site-content-layout":"default","site-content-style":"default","site-sidebar-style":"default","ast-global-header-display":"","ast-banner-title-visibility":"","ast-main-header-display":"","ast-hfb-above-header-display":"","ast-hfb-below-header-display":"","ast-hfb-mobile-header-display":"","site-post-title":"","ast-breadcrumbs-content":"","ast-featured-img":"","footer-sml-layout":"","ast-disable-related-posts":"","theme-transparent-header-meta":"default","adv-header-id-meta":"","stick-header-meta":"","header-above-stick-meta":"","header-main-stick-meta":"","header-below-stick-meta":"","astra-migrate-meta-layouts":"set","ast-page-background-enabled":"default","ast-page-background-meta":{"desktop":{"background-color":"var(--ast-global-color-4)","background-image":"","background-repeat":"repeat","background-position":"center center","background-size":"auto","background-attachment":"scroll","background-type":"","background-media":"","overlay-type":"","overlay-color":"","overlay-opacity":"","overlay-gradient":""},"tablet":{"background-color":"","background-image":"","background-repeat":"repeat","background-position":"center center","background-size":"auto","background-attachment":"scroll","background-type":"","background-media":"","overlay-type":"","overlay-color":"","overlay-opacity":"","overlay-gradient":""},"mobile":{"background-color":"","background-image":"","background-repeat":"repeat","background-position":"center center","background-size":"auto","background-attachment":"scroll","background-type":"","background-media":"","overlay-type":"","overlay-color":"","overlay-opacity":"","overlay-gradient":""}},"ast-content-background-meta":{"desktop":{"background-color":"var(--ast-global-color-5)","background-image":"","background-repeat":"repeat","background-position":"center center","background-size":"auto","background-attachment":"scroll","background-type":"","background-media":"","overlay-type":"","overlay-color":"","overlay-opacity":"","overlay-gradient":""},"tablet":{"background-color":"var(--ast-global-color-5)","background-image":"","background-repeat":"repeat","background-position":"center center","background-size":"auto","background-attachment":"scroll","background-type":"","background-media":"","overlay-type":"","overlay-color":"","overlay-opacity":"","overlay-gradient":""},"mobile":{"background-color":"var(--ast-global-color-5)","background-image":"","background-repeat":"repeat","background-position":"center center","background-size":"auto","background-attachment":"scroll","background-type":"","background-media":"","overlay-type":"","overlay-color":"","overlay-opacity":"","overlay-gradient":""}},"footnotes":""},"class_list":["post-4977","page","type-page","status-publish","hentry"],"acf":[],"featured_image_src":null,"_links":{"self":[{"href":"https:\/\/kchbc.beardedcollie.cz\/index.php?rest_route=\/wp\/v2\/pages\/4977","targetHints":{"allow":["GET"]}}],"collection":[{"href":"https:\/\/kchbc.beardedcollie.cz\/index.php?rest_route=\/wp\/v2\/pages"}],"about":[{"href":"https:\/\/kchbc.beardedcollie.cz\/index.php?rest_route=\/wp\/v2\/types\/page"}],"author":[{"embeddable":true,"href":"https:\/\/kchbc.beardedcollie.cz\/index.php?rest_route=\/wp\/v2\/users\/2"}],"replies":[{"embeddable":true,"href":"https:\/\/kchbc.beardedcollie.cz\/index.php?rest_route=%2Fwp%2Fv2%2Fcomments&post=4977"}],"version-history":[{"count":21,"href":"https:\/\/kchbc.beardedcollie.cz\/index.php?rest_route=\/wp\/v2\/pages\/4977\/revisions"}],"predecessor-version":[{"id":5252,"href":"https:\/\/kchbc.beardedcollie.cz\/index.php?rest_route=\/wp\/v2\/pages\/4977\/revisions\/5252"}],"wp:attachment":[{"href":"https:\/\/kchbc.beardedcollie.cz\/index.php?rest_route=%2Fwp%2Fv2%2Fmedia&parent=4977"}],"curies":[{"name":"wp","href":"https:\/\/api.w.org\/{rel}","templated":true}]}}