{"id":44,"date":"2023-09-20T18:57:05","date_gmt":"2023-09-20T16:57:05","guid":{"rendered":"https:\/\/kchbc.beardedcollie.cz\/?page_id=44"},"modified":"2023-12-08T21:18:28","modified_gmt":"2023-12-08T20:18:28","slug":"vystavy","status":"publish","type":"page","link":"https:\/\/kchbc.beardedcollie.cz\/?page_id=44","title":{"rendered":"V\u00fdstavy"},"content":{"rendered":"\n<div class=\"wp-block-columns is-layout-flex wp-container-core-columns-is-layout-28f84493 wp-block-columns-is-layout-flex\">\n<div class=\"wp-block-column is-layout-flow wp-block-column-is-layout-flow\">\n<p>Klub chovatel\u016f Bearded colli\u00ed po\u0159\u00e1d\u00e1 ka\u017ed\u00fd rok pro v\u0161echny jedince plemene bearded collie n\u00e1sleduj\u00edc\u00ed v\u00fdstavy:<\/p>\n\n\n\n<p><strong>Klubovou v\u00fdstavu se zad\u00e1v\u00e1n\u00edm titulu Klubov\u00fd v\u00edt\u011bz<\/strong><br><strong>Speci\u00e1ln\u00ed v\u00fdstavu se zad\u00e1v\u00e1n\u00edm titulu V\u00edt\u011bz speci\u00e1ln\u00ed v\u00fdstavy<\/strong><br><strong>II. Klubovou v\u00fdstavu se zad\u00e1v\u00e1n\u00edm \u010dekatelstv\u00ed CAC<\/strong><\/p>\n\n\n\n<p>Na prvn\u00ed Klubov\u00e9 v\u00fdstav\u011b se zad\u00e1v\u00e1 presti\u017en\u00ed titul <strong>Klubov\u00fd v\u00edt\u011bz<\/strong> a pro nejlep\u0161\u00edho jedince z \u010desk\u00e9ho chovu titul <strong>V\u00edt\u011bz Memori\u00e1lu Milana Karena<\/strong>, pojmenovan\u00fd po zakladateli chovu bearded colli\u00ed v \u010cech\u00e1ch.<\/p>\n\n\n\n<p>Pouze na t\u00e9to Klubov\u00e9 v\u00fdstav\u011b lze sout\u011b\u017eit o Nejlep\u0161\u00edho plemen\u00edka a Nejlep\u0161\u00ed plemennou matku.<\/p>\n<\/div>\n\n\n\n<div class=\"wp-block-column is-layout-flow wp-block-column-is-layout-flow\">\n<p><mark style=\"background-color:#fff300\" class=\"has-inline-color\">Jak mohu zve\u0159ejnit v\u00fdsledky sv\u00fdch ps\u016f?<\/mark><\/p>\n\n\n\n<p>V\u00fdsledky z \u010desk\u00fdch v\u00fdstav zad\u00e1v\u00e1me automaticky s odkazem na program dogoffice. Pokud jste na n\u011bkter\u00e9 z nich z\u00edskali BOB nebo BOS, za\u0161lete n\u00e1m pros\u00edm k ilustraci fotografii z t\u00e9to v\u00fdstavy.<\/p>\n\n\n\n<p>V\u00fdsledky z klubov\u00fdch v\u00fdstav zad\u00e1v\u00e1me automaticky, co nejd\u0159\u00edve po v\u00fdstav\u011b s odkazem na program dogoffice.<\/p>\n\n\n\n<p>Zahrani\u010dn\u00ed v\u00fdstavy ps\u016f, kter\u00fdch se z\u00fa\u010dastnili \u010dleni KCHBC, mohou b\u00fdt zve\u0159ejn\u011bny v sekci V\u00fdstavy v zahrani\u010d\u00ed. Sta\u010d\u00ed v\u00fdsledky zapsat do formul\u00e1\u0159e pro zve\u0159ejn\u011bn\u00ed v\u00fdstavy a zaslat je na adresu webmaster@beardedcollie.cz<\/p>\n\n\n\n<p>TABULKA PRO ZPRACOV\u00c1N\u00cd V\u00ddSLEDK\u016e V\u00ddSTAV &#8211; <a href=\"https:\/\/kchbc.beardedcollie.cz\/wp-content\/uploads\/2023\/12\/sablona_vysledky_vystav.xls\" data-type=\"attachment\" data-id=\"1883\" target=\"_blank\" rel=\"noreferrer noopener\">St\u00e1hnout .xcl<\/a><\/p>\n\n\n\n<figure class=\"wp-block-image aligncenter size-full is-resized\"><img loading=\"lazy\" decoding=\"async\" width=\"1024\" height=\"1024\" src=\"https:\/\/kchbc.beardedcollie.cz\/wp-content\/uploads\/2023\/12\/23d0f5b1-4583-4341-8f1c-f0f74a45cee9.jpeg\" alt=\"\" class=\"wp-image-1924\" style=\"width:355px;height:auto\" srcset=\"https:\/\/kchbc.beardedcollie.cz\/wp-content\/uploads\/2023\/12\/23d0f5b1-4583-4341-8f1c-f0f74a45cee9.jpeg 1024w, https:\/\/kchbc.beardedcollie.cz\/wp-content\/uploads\/2023\/12\/23d0f5b1-4583-4341-8f1c-f0f74a45cee9-300x300.jpeg 300w, https:\/\/kchbc.beardedcollie.cz\/wp-content\/uploads\/2023\/12\/23d0f5b1-4583-4341-8f1c-f0f74a45cee9-150x150.jpeg 150w, https:\/\/kchbc.beardedcollie.cz\/wp-content\/uploads\/2023\/12\/23d0f5b1-4583-4341-8f1c-f0f74a45cee9-768x768.jpeg 768w, https:\/\/kchbc.beardedcollie.cz\/wp-content\/uploads\/2023\/12\/23d0f5b1-4583-4341-8f1c-f0f74a45cee9-160x160.jpeg 160w\" sizes=\"auto, (max-width: 1024px) 100vw, 1024px\" \/><\/figure>\n<\/div>\n<\/div>\n","protected":false},"excerpt":{"rendered":"<p>Klub chovatel\u016f Bearded colli\u00ed po\u0159\u00e1d\u00e1 ka\u017ed\u00fd rok pro v\u0161echny jedince plemene bearded collie n\u00e1sleduj\u00edc\u00ed v\u00fdstavy: Klubovou v\u00fdstavu se zad\u00e1v\u00e1n\u00edm titulu Klubov\u00fd v\u00edt\u011bzSpeci\u00e1ln\u00ed v\u00fdstavu se zad\u00e1v\u00e1n\u00edm titulu V\u00edt\u011bz speci\u00e1ln\u00ed v\u00fdstavyII. Klubovou v\u00fdstavu se zad\u00e1v\u00e1n\u00edm \u010dekatelstv\u00ed CAC Na prvn\u00ed Klubov\u00e9 v\u00fdstav\u011b se zad\u00e1v\u00e1 presti\u017en\u00ed titul Klubov\u00fd v\u00edt\u011bz a pro nejlep\u0161\u00edho jedince z \u010desk\u00e9ho chovu titul V\u00edt\u011bz Memori\u00e1lu [&hellip;]<\/p>\n","protected":false},"author":2,"featured_media":0,"parent":0,"menu_order":0,"comment_status":"closed","ping_status":"closed","template":"","meta":{"_acf_changed":false,"site-sidebar-layout":"default","site-content-layout":"","ast-site-content-layout":"default","site-content-style":"default","site-sidebar-style":"default","ast-global-header-display":"","ast-banner-title-visibility":"","ast-main-header-display":"","ast-hfb-above-header-display":"","ast-hfb-below-header-display":"","ast-hfb-mobile-header-display":"","site-post-title":"","ast-breadcrumbs-content":"","ast-featured-img":"","footer-sml-layout":"","ast-disable-related-posts":"","theme-transparent-header-meta":"default","adv-header-id-meta":"","stick-header-meta":"","header-above-stick-meta":"","header-main-stick-meta":"","header-below-stick-meta":"","astra-migrate-meta-layouts":"set","ast-page-background-enabled":"default","ast-page-background-meta":{"desktop":{"background-color":"var(--ast-global-color-4)","background-image":"","background-repeat":"repeat","background-position":"center center","background-size":"auto","background-attachment":"scroll","background-type":"","background-media":"","overlay-type":"","overlay-color":"","overlay-opacity":"","overlay-gradient":""},"tablet":{"background-color":"","background-image":"","background-repeat":"repeat","background-position":"center center","background-size":"auto","background-attachment":"scroll","background-type":"","background-media":"","overlay-type":"","overlay-color":"","overlay-opacity":"","overlay-gradient":""},"mobile":{"background-color":"","background-image":"","background-repeat":"repeat","background-position":"center center","background-size":"auto","background-attachment":"scroll","background-type":"","background-media":"","overlay-type":"","overlay-color":"","overlay-opacity":"","overlay-gradient":""}},"ast-content-background-meta":{"desktop":{"background-color":"var(--ast-global-color-5)","background-image":"","background-repeat":"repeat","background-position":"center center","background-size":"auto","background-attachment":"scroll","background-type":"","background-media":"","overlay-type":"","overlay-color":"","overlay-opacity":"","overlay-gradient":""},"tablet":{"background-color":"var(--ast-global-color-5)","background-image":"","background-repeat":"repeat","background-position":"center center","background-size":"auto","background-attachment":"scroll","background-type":"","background-media":"","overlay-type":"","overlay-color":"","overlay-opacity":"","overlay-gradient":""},"mobile":{"background-color":"var(--ast-global-color-5)","background-image":"","background-repeat":"repeat","background-position":"center center","background-size":"auto","background-attachment":"scroll","background-type":"","background-media":"","overlay-type":"","overlay-color":"","overlay-opacity":"","overlay-gradient":""}},"footnotes":""},"class_list":["post-44","page","type-page","status-publish","hentry"],"acf":[],"featured_image_src":null,"_links":{"self":[{"href":"https:\/\/kchbc.beardedcollie.cz\/index.php?rest_route=\/wp\/v2\/pages\/44","targetHints":{"allow":["GET"]}}],"collection":[{"href":"https:\/\/kchbc.beardedcollie.cz\/index.php?rest_route=\/wp\/v2\/pages"}],"about":[{"href":"https:\/\/kchbc.beardedcollie.cz\/index.php?rest_route=\/wp\/v2\/types\/page"}],"author":[{"embeddable":true,"href":"https:\/\/kchbc.beardedcollie.cz\/index.php?rest_route=\/wp\/v2\/users\/2"}],"replies":[{"embeddable":true,"href":"https:\/\/kchbc.beardedcollie.cz\/index.php?rest_route=%2Fwp%2Fv2%2Fcomments&post=44"}],"version-history":[{"count":7,"href":"https:\/\/kchbc.beardedcollie.cz\/index.php?rest_route=\/wp\/v2\/pages\/44\/revisions"}],"predecessor-version":[{"id":1926,"href":"https:\/\/kchbc.beardedcollie.cz\/index.php?rest_route=\/wp\/v2\/pages\/44\/revisions\/1926"}],"wp:attachment":[{"href":"https:\/\/kchbc.beardedcollie.cz\/index.php?rest_route=%2Fwp%2Fv2%2Fmedia&parent=44"}],"curies":[{"name":"wp","href":"https:\/\/api.w.org\/{rel}","templated":true}]}}